{"id":6,"date":"2023-04-12T16:15:06","date_gmt":"2023-04-12T14:15:06","guid":{"rendered":"https:\/\/user0.gesem.es\/blog\/?page_id=6"},"modified":"2023-06-02T14:47:06","modified_gmt":"2023-06-02T12:47:06","slug":"els-nostres-blogs","status":"publish","type":"page","link":"https:\/\/user0.gesem.es\/blog\/","title":{"rendered":"Els nostres sites"},"content":{"rendered":"\n<p class=\"wp-block-paragraph\"><a href=\"https:\/\/user0.gesem.es\">user0.gesem.es<\/a> (Laia)<\/p>\n\n\n\n<p class=\"wp-block-paragraph\"><strong>Ana Blasco, Dietista integrativa<\/strong><br><a rel=\"noreferrer noopener\" href=\"https:\/\/user1.gesem.es\/blog\/\" data-type=\"URL\" target=\"_blank\">https:\/\/user1.gesem.es\/blog\/<\/a><\/p>\n\n\n\n<p class=\"wp-block-paragraph\"><strong>Van Der, Club de Lectura<\/strong><br><a href=\"https:\/\/user3.gesem.es\/blog\/\">https:\/\/user3.gesem.es\/blog\/<\/a><\/p>\n\n\n\n<p class=\"wp-block-paragraph\"><strong>Eventos Zen<\/strong><br><a href=\"https:\/\/user4.gesem.es\/blog\/\">https:\/\/user4.gesem.es\/blog\/<\/a><\/p>\n\n\n\n<p class=\"wp-block-paragraph\"><strong>La meva llibreria<br><\/strong><a href=\"https:\/\/user5.gesem.es\/blog\/\">https:\/\/user5.gesem.es\/blog\/<\/a><\/p>\n\n\n\n<p class=\"wp-block-paragraph\"><strong>Vintage i<\/strong><br><a href=\"https:\/\/user7.gesem.es\/blog\/\">https:\/\/user7.gesem.es\/blog\/<\/a><\/p>\n\n\n\n<p class=\"wp-block-paragraph\"><strong>Nature Space<\/strong><br><a href=\"https:\/\/user8.gesem.es\/blog\/\">user7.gesem.es<\/a><\/p>\n\n\n\n<p class=\"wp-block-paragraph\"><strong>DreamStay<\/strong><br><a href=\"https:\/\/user9.gesem.es\/\">https:\/\/user9.gesem.es\/<\/a><\/p>\n\n\n\n<p class=\"wp-block-paragraph\"><strong>BackStage<br><\/strong><a href=\"https:\/\/user10.gesem.es\/blog\/\">https:\/\/user10.gesem.es\/blog\/<\/a><\/p>\n\n\n\n<p class=\"wp-block-paragraph\"><strong>Sanando Mariposas<br><\/strong><a href=\"https:\/\/user11.gesem.es\/blog\/\">https:\/\/user11.gesem.es\/blog\/<\/a><\/p>\n\n\n\n<p class=\"wp-block-paragraph\"><strong>Revestiments Mug<\/strong><br><a href=\"https:\/\/user13.gesem.es\/blog\/\">https:\/\/user13.gesem.es\/blog\/<\/a><\/p>\n\n\n\n<p class=\"wp-block-paragraph\"><strong>\u00c1guilas Nocturnas, Club de Lectura<br><\/strong><a href=\"https:\/\/user14.gesem.es\/blog\/\">https:\/\/user14.gesem.es\/blog\/<\/a><\/p>\n\n\n\n<p class=\"wp-block-paragraph\"><strong>Ajuntament de Riuverd<br><\/strong><a href=\"https:\/\/user15.gesem.es\/blog\/\">https:\/\/user15.gesem.es\/blog\/<\/a><\/p>\n\n\n<ul class=\"wp-block-latest-posts__list has-dates is-style-twentytwentyone-latest-posts-borders wp-block-latest-posts is-layout-flow wp-block-latest-posts-is-layout-flow\"><li><a class=\"wp-block-latest-posts__post-title\" href=\"https:\/\/user0.gesem.es\/blog\/dictat-dhtml-i-css\/\">Dictat d&#8217;HTML i CSS<\/a><time datetime=\"2023-06-23T07:22:48+02:00\" class=\"wp-block-latest-posts__post-date\">23\/06\/2023<\/time><div class=\"wp-block-latest-posts__post-excerpt\">Escriu l&#8217;HTML que es correspon a aquests esquemes. Has de tenir en compte que el fil blau es correspon a sections, el fil gris a divs i el fil taronja a articles. Les lletres corresponen al contingut de cada element (\u00abA\u00bb, \u00abB\u00bb,..). El n\u00famero nom\u00e9s indica el gr\u00e0fic, com a refer\u00e8ncia, no ha d&#8217;estar a&hellip; <a class=\"more-link\" href=\"https:\/\/user0.gesem.es\/blog\/dictat-dhtml-i-css\/\">Continueu llegint <span class=\"screen-reader-text\">Dictat d&#8217;HTML i CSS<\/span><\/a><\/div><\/li>\n<li><a class=\"wp-block-latest-posts__post-title\" href=\"https:\/\/user0.gesem.es\/blog\/usos-de-before-i-after-botons\/\">Usos de ::before i ::after : botons<\/a><time datetime=\"2023-06-17T13:17:43+02:00\" class=\"wp-block-latest-posts__post-date\">17\/06\/2023<\/time><div class=\"wp-block-latest-posts__post-excerpt\">Com ja hem vist a classe, podem crear pseudo-elements amb CSS. Els pseudo-elements permeten crear caixes de contingut que no estan a l&#8217;HTML. Aquestes caixes es poden estilar, com qualsevol altra caixa: se&#8217;n podem canviar les dimensions, el fons, el color del text,&#8230; Posar les imatges de fons en un pseudo-element ens permet aplicar efectes&hellip; <a class=\"more-link\" href=\"https:\/\/user0.gesem.es\/blog\/usos-de-before-i-after-botons\/\">Continueu llegint <span class=\"screen-reader-text\">Usos de ::before i ::after : botons<\/span><\/a><\/div><\/li>\n<li><a class=\"wp-block-latest-posts__post-title\" href=\"https:\/\/user0.gesem.es\/blog\/posar-imatges-com-a-imatges-de-fons\/\">Posar imatges com imatges de fons<\/a><time datetime=\"2023-06-11T22:50:57+02:00\" class=\"wp-block-latest-posts__post-date\">11\/06\/2023<\/time><div class=\"wp-block-latest-posts__post-excerpt\">A l&#8217;exercici d&#8217;aquest mes tenim alguns reptes, com fer servir imatges que no s\u00f3n a l&#8217;HTML i haurem de posar per CSS. Per exemple aqu\u00ed: Aix\u00f2 a l&#8217;HTML \u00e9s aix\u00ed: Podem posar la icona com a fons del div o com a fons del h3. Decidim fer-ho com a imatge de fons del div. Tenim&hellip; <a class=\"more-link\" href=\"https:\/\/user0.gesem.es\/blog\/posar-imatges-com-a-imatges-de-fons\/\">Continueu llegint <span class=\"screen-reader-text\">Posar imatges com imatges de fons<\/span><\/a><\/div><\/li>\n<li><a class=\"wp-block-latest-posts__post-title\" href=\"https:\/\/user0.gesem.es\/blog\/proces-de-maquetacio\/\">Proc\u00e9s de maquetaci\u00f3<\/a><time datetime=\"2023-06-05T16:12:51+02:00\" class=\"wp-block-latest-posts__post-date\">05\/06\/2023<\/time><div class=\"wp-block-latest-posts__post-excerpt\">\u00abCada maestrillo tiene su librillo\u00bb. Aquest \u00e9s el meu \u00ablibrillo\u00bb Quan desenvolupo una p\u00e0gina web, el que faig \u00e9s passar un disseny a HTML , estilar-lo amb CSS i, si cal, afegir-hi comportaments amb programaci\u00f3 (javascript o php). Un cop revisat el disseny i aclarits els dubtes amb la dissenyadora, inicio el pas a HTML.&hellip; <a class=\"more-link\" href=\"https:\/\/user0.gesem.es\/blog\/proces-de-maquetacio\/\">Continueu llegint <span class=\"screen-reader-text\">Proc\u00e9s de maquetaci\u00f3<\/span><\/a><\/div><\/li>\n<li><a class=\"wp-block-latest-posts__post-title\" href=\"https:\/\/user0.gesem.es\/blog\/centrar-un-element\/\">Centrar un element<\/a><time datetime=\"2023-06-02T18:32:20+02:00\" class=\"wp-block-latest-posts__post-date\">02\/06\/2023<\/time><div class=\"wp-block-latest-posts__post-excerpt\">A classe hem limitat les dimensions de les imatges per assegurar-nos de que no es vegin gaire grans a pantalles grans Qu\u00e8 hem de fer si volem centrar aquestes imatges? Farem servir la propietat \u00abmargin\u00bb. Si deixem el mateix marge als dos costats de la imatge es veur\u00e0 centrada, oi? margin: 0 auto; aplicar\u00e0 un&hellip; <a class=\"more-link\" href=\"https:\/\/user0.gesem.es\/blog\/centrar-un-element\/\">Continueu llegint <span class=\"screen-reader-text\">Centrar un element<\/span><\/a><\/div><\/li>\n<\/ul>","protected":false},"excerpt":{"rendered":"<p>user0.gesem.es (Laia) Ana Blasco, Dietista integrativahttps:\/\/user1.gesem.es\/blog\/ Van Der, Club de Lecturahttps:\/\/user3.gesem.es\/blog\/ Eventos Zenhttps:\/\/user4.gesem.es\/blog\/ La meva llibreriahttps:\/\/user5.gesem.es\/blog\/ Vintage ihttps:\/\/user7.gesem.es\/blog\/ Nature Spaceuser7.gesem.es DreamStayhttps:\/\/user9.gesem.es\/ BackStagehttps:\/\/user10.gesem.es\/blog\/ Sanando Mariposashttps:\/\/user11.gesem.es\/blog\/ Revestiments Mughttps:\/\/user13.gesem.es\/blog\/ \u00c1guilas Nocturnas, Club de Lecturahttps:\/\/user14.gesem.es\/blog\/ Ajuntament de Riuverdhttps:\/\/user15.gesem.es\/blog\/<\/p>\n","protected":false},"author":1,"featured_media":0,"parent":0,"menu_order":0,"comment_status":"closed","ping_status":"closed","template":"","meta":{"footnotes":""},"class_list":["post-6","page","type-page","status-publish","hentry","entry"],"_links":{"self":[{"href":"https:\/\/user0.gesem.es\/blog\/wp-json\/wp\/v2\/pages\/6","targetHints":{"allow":["GET"]}}],"collection":[{"href":"https:\/\/user0.gesem.es\/blog\/wp-json\/wp\/v2\/pages"}],"about":[{"href":"https:\/\/user0.gesem.es\/blog\/wp-json\/wp\/v2\/types\/page"}],"author":[{"embeddable":true,"href":"https:\/\/user0.gesem.es\/blog\/wp-json\/wp\/v2\/users\/1"}],"replies":[{"embeddable":true,"href":"https:\/\/user0.gesem.es\/blog\/wp-json\/wp\/v2\/comments?post=6"}],"version-history":[{"count":5,"href":"https:\/\/user0.gesem.es\/blog\/wp-json\/wp\/v2\/pages\/6\/revisions"}],"predecessor-version":[{"id":186,"href":"https:\/\/user0.gesem.es\/blog\/wp-json\/wp\/v2\/pages\/6\/revisions\/186"}],"wp:attachment":[{"href":"https:\/\/user0.gesem.es\/blog\/wp-json\/wp\/v2\/media?parent=6"}],"curies":[{"name":"wp","href":"https:\/\/api.w.org\/{rel}","templated":true}]}}

<p class="wp-block-paragraph"><a href="https://user0.gesem.es">user0.gesem.es</a> (Laia)</p>



<p class="wp-block-paragraph"><strong>Ana Blasco, Dietista integrativa</strong><br><a rel="noreferrer noopener" href="https://user1.gesem.es/blog/" data-type="URL" target="_blank">https://user1.gesem.es/blog/</a></p>



<p class="wp-block-paragraph"><strong>Van Der, Club de Lectura</strong><br><a href="https://user3.gesem.es/blog/">https://user3.gesem.es/blog/</a></p>



<p class="wp-block-paragraph"><strong>Eventos Zen</strong><br><a href="https://user4.gesem.es/blog/">https://user4.gesem.es/blog/</a></p>



<p class="wp-block-paragraph"><strong>La meva llibreria<br></strong><a href="https://user5.gesem.es/blog/">https://user5.gesem.es/blog/</a></p>



<p class="wp-block-paragraph"><strong>Vintage i</strong><br><a href="https://user7.gesem.es/blog/">https://user7.gesem.es/blog/</a></p>



<p class="wp-block-paragraph"><strong>Nature Space</strong><br><a href="https://user8.gesem.es/blog/">user7.gesem.es</a></p>



<p class="wp-block-paragraph"><strong>DreamStay</strong><br><a href="https://user9.gesem.es/">https://user9.gesem.es/</a></p>



<p class="wp-block-paragraph"><strong>BackStage<br></strong><a href="https://user10.gesem.es/blog/">https://user10.gesem.es/blog/</a></p>



<p class="wp-block-paragraph"><strong>Sanando Mariposas<br></strong><a href="https://user11.gesem.es/blog/">https://user11.gesem.es/blog/</a></p>



<p class="wp-block-paragraph"><strong>Revestiments Mug</strong><br><a href="https://user13.gesem.es/blog/">https://user13.gesem.es/blog/</a></p>



<p class="wp-block-paragraph"><strong>Águilas Nocturnas, Club de Lectura<br></strong><a href="https://user14.gesem.es/blog/">https://user14.gesem.es/blog/</a></p>



<p class="wp-block-paragraph"><strong>Ajuntament de Riuverd<br></strong><a href="https://user15.gesem.es/blog/">https://user15.gesem.es/blog/</a></p>


<ul class="wp-block-latest-posts__list has-dates is-style-twentytwentyone-latest-posts-borders wp-block-latest-posts is-layout-flow wp-block-latest-posts-is-layout-flow"><li><a class="wp-block-latest-posts__post-title" href="https://user0.gesem.es/blog/dictat-dhtml-i-css/">Dictat d&#8217;HTML i CSS</a><time datetime="2023-06-23T07:22:48+02:00" class="wp-block-latest-posts__post-date">23/06/2023</time><div class="wp-block-latest-posts__post-excerpt">Escriu l&#8217;HTML que es correspon a aquests esquemes. Has de tenir en compte que el fil blau es correspon a sections, el fil gris a divs i el fil taronja a articles. Les lletres corresponen al contingut de cada element («A», «B»,..). El número només indica el gràfic, com a referència, no ha d&#8217;estar a&hellip; <a class="more-link" href="https://user0.gesem.es/blog/dictat-dhtml-i-css/">Continueu llegint <span class="screen-reader-text">Dictat d&#8217;HTML i CSS</span></a></div></li>
<li><a class="wp-block-latest-posts__post-title" href="https://user0.gesem.es/blog/usos-de-before-i-after-botons/">Usos de ::before i ::after : botons</a><time datetime="2023-06-17T13:17:43+02:00" class="wp-block-latest-posts__post-date">17/06/2023</time><div class="wp-block-latest-posts__post-excerpt">Com ja hem vist a classe, podem crear pseudo-elements amb CSS. Els pseudo-elements permeten crear caixes de contingut que no estan a l&#8217;HTML. Aquestes caixes es poden estilar, com qualsevol altra caixa: se&#8217;n podem canviar les dimensions, el fons, el color del text,&#8230; Posar les imatges de fons en un pseudo-element ens permet aplicar efectes&hellip; <a class="more-link" href="https://user0.gesem.es/blog/usos-de-before-i-after-botons/">Continueu llegint <span class="screen-reader-text">Usos de ::before i ::after : botons</span></a></div></li>
<li><a class="wp-block-latest-posts__post-title" href="https://user0.gesem.es/blog/posar-imatges-com-a-imatges-de-fons/">Posar imatges com imatges de fons</a><time datetime="2023-06-11T22:50:57+02:00" class="wp-block-latest-posts__post-date">11/06/2023</time><div class="wp-block-latest-posts__post-excerpt">A l&#8217;exercici d&#8217;aquest mes tenim alguns reptes, com fer servir imatges que no són a l&#8217;HTML i haurem de posar per CSS. Per exemple aquí: Això a l&#8217;HTML és així: Podem posar la icona com a fons del div o com a fons del h3. Decidim fer-ho com a imatge de fons del div. Tenim&hellip; <a class="more-link" href="https://user0.gesem.es/blog/posar-imatges-com-a-imatges-de-fons/">Continueu llegint <span class="screen-reader-text">Posar imatges com imatges de fons</span></a></div></li>
<li><a class="wp-block-latest-posts__post-title" href="https://user0.gesem.es/blog/proces-de-maquetacio/">Procés de maquetació</a><time datetime="2023-06-05T16:12:51+02:00" class="wp-block-latest-posts__post-date">05/06/2023</time><div class="wp-block-latest-posts__post-excerpt">«Cada maestrillo tiene su librillo». Aquest és el meu «librillo» Quan desenvolupo una pàgina web, el que faig és passar un disseny a HTML , estilar-lo amb CSS i, si cal, afegir-hi comportaments amb programació (javascript o php). Un cop revisat el disseny i aclarits els dubtes amb la dissenyadora, inicio el pas a HTML.&hellip; <a class="more-link" href="https://user0.gesem.es/blog/proces-de-maquetacio/">Continueu llegint <span class="screen-reader-text">Procés de maquetació</span></a></div></li>
<li><a class="wp-block-latest-posts__post-title" href="https://user0.gesem.es/blog/centrar-un-element/">Centrar un element</a><time datetime="2023-06-02T18:32:20+02:00" class="wp-block-latest-posts__post-date">02/06/2023</time><div class="wp-block-latest-posts__post-excerpt">A classe hem limitat les dimensions de les imatges per assegurar-nos de que no es vegin gaire grans a pantalles grans Què hem de fer si volem centrar aquestes imatges? Farem servir la propietat «margin». Si deixem el mateix marge als dos costats de la imatge es veurà centrada, oi? margin: 0 auto; aplicarà un&hellip; <a class="more-link" href="https://user0.gesem.es/blog/centrar-un-element/">Continueu llegint <span class="screen-reader-text">Centrar un element</span></a></div></li>
</ul>

<p>user0.gesem.es (Laia) Ana Blasco, Dietista integrativahttps://user1.gesem.es/blog/ Van Der, Club de Lecturahttps://user3.gesem.es/blog/ Eventos Zenhttps://user4.gesem.es/blog/ La meva llibreriahttps://user5.gesem.es/blog/ Vintage ihttps://user7.gesem.es/blog/ Nature Spaceuser7.gesem.es DreamStayhttps://user9.gesem.es/ BackStagehttps://user10.gesem.es/blog/ Sanando Mariposashttps://user11.gesem.es/blog/ Revestiments Mughttps://user13.gesem.es/blog/ Águilas Nocturnas, Club de Lecturahttps://user14.gesem.es/blog/ Ajuntament de Riuverdhttps://user15.gesem.es/blog/</p>
