{"id":329,"date":"2023-06-20T22:39:23","date_gmt":"2023-06-20T20:39:23","guid":{"rendered":"https:\/\/user0.gesem.es\/blog\/?page_id=329"},"modified":"2023-06-20T22:39:23","modified_gmt":"2023-06-20T20:39:23","slug":"display-flex-maquetacio","status":"publish","type":"page","link":"https:\/\/user0.gesem.es\/blog\/display-flex-maquetacio\/","title":{"rendered":"Display flex &#8211; maquetaci\u00f3"},"content":{"rendered":"\n<p class=\"wp-block-paragraph\">Quan maquetem fent servir flex, hem de con\u00e9ixer algunes propietats dels \u00edtems flex:<\/p>\n\n\n\n<ul class=\"wp-block-list\">\n<li><code>flex-grow<\/code><\/li>\n\n\n\n<li><code>flex-shrink<\/code><\/li>\n\n\n\n<li><code>flex-basis<\/code><\/li>\n\n\n\n<li><code>order<\/code><\/li>\n\n\n\n<li><code>align-self<\/code><\/li>\n<\/ul>\n\n\n\n<p class=\"wp-block-paragraph\">La paraula flex fa refer\u00e8ncia a la flexibilitat dels \u00edtems flex. Quan treballem amb flex, els elements s\u00f3n el\u00e0stics i poden encongir-se o expandir-se. <strong>Els valors d&#8217;amplada i al\u00e7ada no sempre es respectaran, \u00e9s important entendre aix\u00f2<\/strong>.<\/p>\n\n\n\n<p class=\"wp-block-paragraph\">Igual que tenim un eix principal i un eix secundari, tamb\u00e9 tenim una mida secund\u00e0ria (la cross size) i una mida prim\u00e0ria (la main size). Quan el flex-direction \u00e9s row, la cross size \u00e9s l&#8217;al\u00e7ada, Quan la flex-direction \u00e9s column, la cross size \u00e9s l&#8217;amplada.<\/p>\n\n\n\n<p class=\"wp-block-paragraph\">Aquest \u00e9s el comportament de la dimensi\u00f3 secund\u00e0ria (cross-size):<\/p>\n\n\n\n<ul class=\"wp-block-list\">\n<li>Si la flex-direction \u00e9s \u00abrow\u00bb i hem definit una al\u00e7ada d&#8217;un \u00edtem flex, aquesta al\u00e7ada es respectar\u00e0. Si la flex-direction \u00e9s \u00abcolumn\u00bb i hem definit una amplada d&#8217;un \u00edtem flex, aquesta amplada es respectar\u00e0.<\/li>\n\n\n\n<li>Si no s&#8217;ha definit la cross-size (al\u00e7ada per flex-direction \u00abrow\u00bb, amplada per flex-direction \u00abcolumn\u00bb), el navegador estirar\u00e0 l&#8217;\u00edtem per a colonitzar tot l&#8217;espai disponible (horitzontalment en la flex-column, verticalment en la flex-row)<\/li>\n\n\n\n<li>Si la propietat align-content  o align-items t\u00e9 un valor diferent de stretch, les dimensions sera determinades per el contingut<\/li>\n<\/ul>\n\n\n\n<p class=\"wp-block-paragraph\">En canvi, aquest \u00e9s el comportament de la dimensi\u00f3 principal (main size):<\/p>\n\n\n\n<ul class=\"wp-block-list\">\n<li>Si no s&#8217;ha definit la mida, es calcular\u00e0 segons el contingut. Si la flex-direction \u00e9s \u00abrow\u00bb, els flex \u00edtems ocuparan l&#8217;espai horitzontal necessari per a mostrar-ne el contingut. Si la flex-direction \u00e9s \u00abcolumn\u00bb, els flex \u00edtems ocuparan l&#8217;espai vertical necessari per a mostrar-ne el contingut.<\/li>\n\n\n\n<li>Si s&#8217;ha definit la mida, aquesta podria respectar-se, encongir-se o cr\u00e9ixer.<\/li>\n<\/ul>\n\n\n\n<p class=\"wp-block-paragraph\">\u00c9s important, doncs, entendre com es comportaran els elements en l&#8217;eix principal, com es modificar\u00e0 la seva dimensi\u00f3 principal (main-size)<\/p>\n\n\n\n<p class=\"wp-block-paragraph\">Els flex \u00edtems ocuparan l&#8217;espai resultant de sumar la dimensi\u00f3 principal de tots els flex-items en l&#8217;eix principal, m\u00e9s els marges (si n&#8217;hi ha). Si la flex-direction \u00e9s \u00abrow\u00bb, aleshores els \u00edtems ocuparan horitzontalment la suma de les seves amplades i marges. Aquest \u00e9s l&#8217;<strong>espai ocupat<\/strong>.<\/p>\n\n\n\n<p class=\"wp-block-paragraph\">L&#8217;<strong>espai disponible<\/strong> \u00e9s la difer\u00e8ncia entre la mida del contenidor i l&#8217;espai ocupat. Aquesta difer\u00e8ncia pot ser un n\u00famero positiu o negatiu.<\/p>\n\n\n\n<p class=\"wp-block-paragraph\">Si l&#8217;espai disponible \u00e9s negatiu (els \u00edtems ocupen m\u00e9s espai del que n&#8217;hi ha), els flex \u00edtems s&#8217;encongiran per tenir espai en una sola l\u00ednia. Els marges, per\u00f2, no es modificaran.<\/p>\n\n\n\n<p class=\"wp-block-paragraph\">Com que les mides que definim s\u00f3n nom\u00e9s un punt de partida, parlem de mida \u00abbase\u00bb o <em>flex-basis<\/em>. La propietat <em>flex-basis<\/em> defineix la <strong>mida de la qual partim<\/strong> abans de que s&#8217;apliquin els estiraments o encongiments necessaris.<\/p>\n\n\n\n<p class=\"wp-block-paragraph\">Quan la flex-direction \u00e9s \u00abrow\u00bb, el flex-basis defineix el punt de partida de l&#8217;amplada. Quan la flex-direction \u00e9s \u00abcolumn\u00bb, el flex-basis defineix el punt de partida de l&#8217;al\u00e7ada. Cal tenir en compte:<\/p>\n\n\n\n<ul class=\"wp-block-list\">\n<li>L&#8217;amplada o al\u00e7ada definida amb flex-basis sempre guanya per sobre de la definida amb les propietats width o height<\/li>\n\n\n\n<li>Si no definim el valor flex-basis, o si li donem el valor \u00abauto\u00bb, es tindr\u00e0 en compte el valor de width o height, segons el cas (si \u00e9s row o column).<\/li>\n\n\n\n<li>Si no es defineix un valor per flex-basis ni s&#8217;especifica l&#8217;amplada o l&#8217;al\u00e7ada, les dimensions seran determinades per el contingut.<\/li>\n<\/ul>\n\n\n\n<p class=\"wp-block-paragraph\"><strong>Aleshores, com es distribueix l&#8217;espai disponible?<\/strong> Aqu\u00ed entren en joc les propietats <em>flex-grow<\/em> i <em>flex-shrink<\/em>.<\/p>\n\n\n\n<p class=\"wp-block-paragraph\">Si l&#8217;espai disponible \u00e9s un valor positiu, els \u00edtems flex creixeran per colonitzar l&#8217;espai. Es repartiran l&#8217;espai segons all\u00f2 especificat amb el valor<em> flex-grow <\/em>a cada \u00edtem. Si tots els \u00edtems tenen <em>flex-grow<\/em> igual a \u00ab1\u00bb, aleshores l&#8217;espai es repartir\u00e0 en parts iguals. Per\u00f2 si un dels \u00edtems t\u00e9 un flex-grow igual a 2, aquest \u00edtem rebr\u00e0 el doble d&#8217;espai que els altres.<\/p>\n\n\n\n<p class=\"wp-block-paragraph\">Exemple:<\/p>\n\n\n\n<pre class=\"wp-block-code\"><code>.container { \nwidth: 500px; \n} \n.item-1 { \nflex-basis: 100px ; \nflex-grow: 1 \n} \n.item-2 { \nflex-basis: 100px ; \nflex-grow: 2 \n} \n.item-3 { \nflex-basis: 100px ; \nflex-grow: 1 \n} \n.item-4 { \nflex-basis: 100px ; \nflex-grow: 1\n}<\/code><\/pre>\n\n\n\n<div class=\"wp-block-group peu\"><div class=\"wp-block-group__inner-container is-layout-constrained wp-block-group-is-layout-constrained\">\n<p class=\"wp-block-paragraph\">En aquest exemple, la suma de les flex-basis fa 400px, per\u00f2 l&#8217;espai disponible \u00e9s de 500px. Cadascun dels \u00edtems rebr\u00e0 una part dels 100 p\u00edxels restants. Si sumem tots els valors de flex-grow, obtenim 5 unitats. Si dividim els 100 p\u00edxels entre 5 unitats, obtenim 20px disponibles per cada unitat de flex-grow. Com que l&#8217;.item-2 t\u00e9 un flex-grow de 2, rebr\u00e0 40px addicionals (20px * 2 flex-grow = 40px). El resultat ser\u00e0:<\/p>\n\n\n\n<ul class=\"wp-block-list\">\n<li>.item-1 : 120px;<\/li>\n\n\n\n<li>.item-2: 140px;<\/li>\n\n\n\n<li>.item-3: 120px;<\/li>\n\n\n\n<li>.item-4: 120px;<\/li>\n<\/ul>\n<\/div><\/div>\n\n\n\n<p class=\"wp-block-paragraph\">La suma de les amplades dels 4 \u00edtems flex, far\u00e0 500px;<\/p>\n\n\n\n<p class=\"wp-block-paragraph\"><strong>IMPORTANT: Si els \u00edtems flex tinguessin marges, haur\u00edem de sumar el seu espai al espai ocupat, i l&#8217;espai disponible seria menor.<\/strong><\/p>\n\n\n\n<div class=\"wp-block-group exercici\"><div class=\"wp-block-group__inner-container is-layout-constrained wp-block-group-is-layout-constrained\">\n<p class=\"wp-block-paragraph\">Exercici<\/p>\n\n\n\n<p class=\"wp-block-paragraph\">Quina seria l&#8217;amplada de cada \u00edtem flex si el CSS fos aquest?<\/p>\n\n\n\n<pre class=\"wp-block-code\"><code>.container { \nwidth: 500px; \n} \n.container > *{\nmargin:5px;\n}\n.item-1 { \nflex-basis: 100px ; \nflex-grow: 1 \n} \n.item-2 { \nflex-basis: 100px ; \nflex-grow: 2 \n} \n.item-3 { \nflex-basis: 100px ; \nflex-grow: 1 \n} \n.item-4 { \nflex-basis: 100px ; \nflex-grow: 1\n}<\/code><\/pre>\n<\/div><\/div>\n\n\n\n<p class=\"wp-block-paragraph\"><strong>I qu\u00e8 passa si l&#8217;espai disponible \u00e9s un valor negatiu?<\/strong><\/p>\n\n\n\n<p class=\"wp-block-paragraph\">Quan l&#8217;espai no \u00e9s suficient i els flex-items s&#8217;han d&#8217;encongir, ho faran en proporci\u00f3 al valor definit amb flex-shrink. Aquest valor funciona igual que flex-grow, per\u00f2 actua s&#8217;obre l&#8217;encongiment.<\/p>\n\n\n\n<p class=\"wp-block-paragraph\"><strong>IMPORTANT: Un \u00edtem sempre t\u00e9 una mida m\u00ednima determinada per el seu contingut. Podem for\u00e7ar una mida m\u00ednima amb les propietats min-width i min-height.<\/strong><\/p>\n\n\n\n<p class=\"wp-block-paragraph\">Podem indicar el valor de flex-grow, flex-shrink i flex-basis en una sola l\u00ednia, fent servir la propietat abreviada \u00abflex\u00bb. Per defecte, els flex \u00edtems tenen el seg\u00fcent valor de la propietat flex:<\/p>\n\n\n\n<pre class=\"wp-block-code\"><code>flex: 0 1 auto;<\/code><\/pre>\n\n\n\n<p class=\"wp-block-paragraph\">Aix\u00f2 signfica que:<\/p>\n\n\n\n<ul class=\"wp-block-list\">\n<li>El valor per defecte de flex-grow \u00e9s 0<\/li>\n\n\n\n<li>El valor per defecte de flex-shrink \u00e9s 1<\/li>\n\n\n\n<li>El valor per defecte de flex-basis \u00e9s auto (la mida ve determinada per el seu contingut)<\/li>\n<\/ul>\n\n\n\n<p class=\"wp-block-paragraph\">Altres possibles valors de flex s\u00f3n:<\/p>\n\n\n\n<ul class=\"wp-block-list\">\n<li>flex: auto; <br>Equival a flex: 1 1  auto; <br>Els \u00edtems poden cr\u00e9ixer o reduir-se segons sigui necessari. El flex-basis est\u00e0 determinat per el contingut de cada \u00edtem.<\/li>\n\n\n\n<li>flex: none;<br>Equivalent de flex: 0 0 auto;<br>Els \u00edtems no poden ni cr\u00e9ixer ni encongir-se. El flex-basis est\u00e0 determinat per el contingut de cada \u00edtem.<\/li>\n\n\n\n<li>flex: 1;<br>Equival a flex: 1 1 0;<br>(tamb\u00e9 podria ser flex:2 , flex:3,&#8230;)<br><\/li>\n<\/ul>\n","protected":false},"excerpt":{"rendered":"<p>Quan maquetem fent servir flex, hem de con\u00e9ixer algunes propietats dels \u00edtems flex: La paraula flex fa refer\u00e8ncia a la flexibilitat dels \u00edtems flex. Quan treballem amb flex, els elements s\u00f3n el\u00e0stics i poden encongir-se o expandir-se. Els valors d&#8217;amplada i al\u00e7ada no sempre es respectaran, \u00e9s important entendre aix\u00f2. Igual que tenim un eix&hellip; <a class=\"more-link\" href=\"https:\/\/user0.gesem.es\/blog\/display-flex-maquetacio\/\">Continueu llegint <span class=\"screen-reader-text\">Display flex &#8211; maquetaci\u00f3<\/span><\/a><\/p>\n","protected":false},"author":1,"featured_media":0,"parent":0,"menu_order":0,"comment_status":"closed","ping_status":"closed","template":"","meta":{"footnotes":""},"class_list":["post-329","page","type-page","status-publish","hentry","entry"],"_links":{"self":[{"href":"https:\/\/user0.gesem.es\/blog\/wp-json\/wp\/v2\/pages\/329","targetHints":{"allow":["GET"]}}],"collection":[{"href":"https:\/\/user0.gesem.es\/blog\/wp-json\/wp\/v2\/pages"}],"about":[{"href":"https:\/\/user0.gesem.es\/blog\/wp-json\/wp\/v2\/types\/page"}],"author":[{"embeddable":true,"href":"https:\/\/user0.gesem.es\/blog\/wp-json\/wp\/v2\/users\/1"}],"replies":[{"embeddable":true,"href":"https:\/\/user0.gesem.es\/blog\/wp-json\/wp\/v2\/comments?post=329"}],"version-history":[{"count":2,"href":"https:\/\/user0.gesem.es\/blog\/wp-json\/wp\/v2\/pages\/329\/revisions"}],"predecessor-version":[{"id":333,"href":"https:\/\/user0.gesem.es\/blog\/wp-json\/wp\/v2\/pages\/329\/revisions\/333"}],"wp:attachment":[{"href":"https:\/\/user0.gesem.es\/blog\/wp-json\/wp\/v2\/media?parent=329"}],"curies":[{"name":"wp","href":"https:\/\/api.w.org\/{rel}","templated":true}]}}

Display flex &#8211; maquetació

<p class="wp-block-paragraph">Quan maquetem fent servir flex, hem de conéixer algunes propietats dels ítems flex:</p>



<ul class="wp-block-list">
<li><code>flex-grow</code></li>



<li><code>flex-shrink</code></li>



<li><code>flex-basis</code></li>



<li><code>order</code></li>



<li><code>align-self</code></li>
</ul>



<p class="wp-block-paragraph">La paraula flex fa referència a la flexibilitat dels ítems flex. Quan treballem amb flex, els elements són elàstics i poden encongir-se o expandir-se. <strong>Els valors d&#8217;amplada i alçada no sempre es respectaran, és important entendre això</strong>.</p>



<p class="wp-block-paragraph">Igual que tenim un eix principal i un eix secundari, també tenim una mida secundària (la cross size) i una mida primària (la main size). Quan el flex-direction és row, la cross size és l&#8217;alçada, Quan la flex-direction és column, la cross size és l&#8217;amplada.</p>



<p class="wp-block-paragraph">Aquest és el comportament de la dimensió secundària (cross-size):</p>



<ul class="wp-block-list">
<li>Si la flex-direction és «row» i hem definit una alçada d&#8217;un ítem flex, aquesta alçada es respectarà. Si la flex-direction és «column» i hem definit una amplada d&#8217;un ítem flex, aquesta amplada es respectarà.</li>



<li>Si no s&#8217;ha definit la cross-size (alçada per flex-direction «row», amplada per flex-direction «column»), el navegador estirarà l&#8217;ítem per a colonitzar tot l&#8217;espai disponible (horitzontalment en la flex-column, verticalment en la flex-row)</li>



<li>Si la propietat align-content  o align-items té un valor diferent de stretch, les dimensions sera determinades per el contingut</li>
</ul>



<p class="wp-block-paragraph">En canvi, aquest és el comportament de la dimensió principal (main size):</p>



<ul class="wp-block-list">
<li>Si no s&#8217;ha definit la mida, es calcularà segons el contingut. Si la flex-direction és «row», els flex ítems ocuparan l&#8217;espai horitzontal necessari per a mostrar-ne el contingut. Si la flex-direction és «column», els flex ítems ocuparan l&#8217;espai vertical necessari per a mostrar-ne el contingut.</li>



<li>Si s&#8217;ha definit la mida, aquesta podria respectar-se, encongir-se o créixer.</li>
</ul>



<p class="wp-block-paragraph">És important, doncs, entendre com es comportaran els elements en l&#8217;eix principal, com es modificarà la seva dimensió principal (main-size)</p>



<p class="wp-block-paragraph">Els flex ítems ocuparan l&#8217;espai resultant de sumar la dimensió principal de tots els flex-items en l&#8217;eix principal, més els marges (si n&#8217;hi ha). Si la flex-direction és «row», aleshores els ítems ocuparan horitzontalment la suma de les seves amplades i marges. Aquest és l&#8217;<strong>espai ocupat</strong>.</p>



<p class="wp-block-paragraph">L&#8217;<strong>espai disponible</strong> és la diferència entre la mida del contenidor i l&#8217;espai ocupat. Aquesta diferència pot ser un número positiu o negatiu.</p>



<p class="wp-block-paragraph">Si l&#8217;espai disponible és negatiu (els ítems ocupen més espai del que n&#8217;hi ha), els flex ítems s&#8217;encongiran per tenir espai en una sola línia. Els marges, però, no es modificaran.</p>



<p class="wp-block-paragraph">Com que les mides que definim són només un punt de partida, parlem de mida «base» o <em>flex-basis</em>. La propietat <em>flex-basis</em> defineix la <strong>mida de la qual partim</strong> abans de que s&#8217;apliquin els estiraments o encongiments necessaris.</p>



<p class="wp-block-paragraph">Quan la flex-direction és «row», el flex-basis defineix el punt de partida de l&#8217;amplada. Quan la flex-direction és «column», el flex-basis defineix el punt de partida de l&#8217;alçada. Cal tenir en compte:</p>



<ul class="wp-block-list">
<li>L&#8217;amplada o alçada definida amb flex-basis sempre guanya per sobre de la definida amb les propietats width o height</li>



<li>Si no definim el valor flex-basis, o si li donem el valor «auto», es tindrà en compte el valor de width o height, segons el cas (si és row o column).</li>



<li>Si no es defineix un valor per flex-basis ni s&#8217;especifica l&#8217;amplada o l&#8217;alçada, les dimensions seran determinades per el contingut.</li>
</ul>



<p class="wp-block-paragraph"><strong>Aleshores, com es distribueix l&#8217;espai disponible?</strong> Aquí entren en joc les propietats <em>flex-grow</em> i <em>flex-shrink</em>.</p>



<p class="wp-block-paragraph">Si l&#8217;espai disponible és un valor positiu, els ítems flex creixeran per colonitzar l&#8217;espai. Es repartiran l&#8217;espai segons allò especificat amb el valor<em> flex-grow </em>a cada ítem. Si tots els ítems tenen <em>flex-grow</em> igual a «1», aleshores l&#8217;espai es repartirà en parts iguals. Però si un dels ítems té un flex-grow igual a 2, aquest ítem rebrà el doble d&#8217;espai que els altres.</p>



<p class="wp-block-paragraph">Exemple:</p>



<pre class="wp-block-code"><code>.container { 
width: 500px; 
} 
.item-1 { 
flex-basis: 100px ; 
flex-grow: 1 
} 
.item-2 { 
flex-basis: 100px ; 
flex-grow: 2 
} 
.item-3 { 
flex-basis: 100px ; 
flex-grow: 1 
} 
.item-4 { 
flex-basis: 100px ; 
flex-grow: 1
}</code></pre>



<div class="wp-block-group peu"><div class="wp-block-group__inner-container is-layout-constrained wp-block-group-is-layout-constrained">
<p class="wp-block-paragraph">En aquest exemple, la suma de les flex-basis fa 400px, però l&#8217;espai disponible és de 500px. Cadascun dels ítems rebrà una part dels 100 píxels restants. Si sumem tots els valors de flex-grow, obtenim 5 unitats. Si dividim els 100 píxels entre 5 unitats, obtenim 20px disponibles per cada unitat de flex-grow. Com que l&#8217;.item-2 té un flex-grow de 2, rebrà 40px addicionals (20px * 2 flex-grow = 40px). El resultat serà:</p>



<ul class="wp-block-list">
<li>.item-1 : 120px;</li>



<li>.item-2: 140px;</li>



<li>.item-3: 120px;</li>



<li>.item-4: 120px;</li>
</ul>
</div></div>



<p class="wp-block-paragraph">La suma de les amplades dels 4 ítems flex, farà 500px;</p>



<p class="wp-block-paragraph"><strong>IMPORTANT: Si els ítems flex tinguessin marges, hauríem de sumar el seu espai al espai ocupat, i l&#8217;espai disponible seria menor.</strong></p>



<div class="wp-block-group exercici"><div class="wp-block-group__inner-container is-layout-constrained wp-block-group-is-layout-constrained">
<p class="wp-block-paragraph">Exercici</p>



<p class="wp-block-paragraph">Quina seria l&#8217;amplada de cada ítem flex si el CSS fos aquest?</p>



<pre class="wp-block-code"><code>.container { 
width: 500px; 
} 
.container > *{
margin:5px;
}
.item-1 { 
flex-basis: 100px ; 
flex-grow: 1 
} 
.item-2 { 
flex-basis: 100px ; 
flex-grow: 2 
} 
.item-3 { 
flex-basis: 100px ; 
flex-grow: 1 
} 
.item-4 { 
flex-basis: 100px ; 
flex-grow: 1
}</code></pre>
</div></div>



<p class="wp-block-paragraph"><strong>I què passa si l&#8217;espai disponible és un valor negatiu?</strong></p>



<p class="wp-block-paragraph">Quan l&#8217;espai no és suficient i els flex-items s&#8217;han d&#8217;encongir, ho faran en proporció al valor definit amb flex-shrink. Aquest valor funciona igual que flex-grow, però actua s&#8217;obre l&#8217;encongiment.</p>



<p class="wp-block-paragraph"><strong>IMPORTANT: Un ítem sempre té una mida mínima determinada per el seu contingut. Podem forçar una mida mínima amb les propietats min-width i min-height.</strong></p>



<p class="wp-block-paragraph">Podem indicar el valor de flex-grow, flex-shrink i flex-basis en una sola línia, fent servir la propietat abreviada «flex». Per defecte, els flex ítems tenen el següent valor de la propietat flex:</p>



<pre class="wp-block-code"><code>flex: 0 1 auto;</code></pre>



<p class="wp-block-paragraph">Això signfica que:</p>



<ul class="wp-block-list">
<li>El valor per defecte de flex-grow és 0</li>



<li>El valor per defecte de flex-shrink és 1</li>



<li>El valor per defecte de flex-basis és auto (la mida ve determinada per el seu contingut)</li>
</ul>



<p class="wp-block-paragraph">Altres possibles valors de flex són:</p>



<ul class="wp-block-list">
<li>flex: auto; <br>Equival a flex: 1 1  auto; <br>Els ítems poden créixer o reduir-se segons sigui necessari. El flex-basis està determinat per el contingut de cada ítem.</li>



<li>flex: none;<br>Equivalent de flex: 0 0 auto;<br>Els ítems no poden ni créixer ni encongir-se. El flex-basis està determinat per el contingut de cada ítem.</li>



<li>flex: 1;<br>Equival a flex: 1 1 0;<br>(també podria ser flex:2 , flex:3,&#8230;)<br></li>
</ul>

<p>Quan maquetem fent servir flex, hem de conéixer algunes propietats dels ítems flex: La paraula flex fa referència a la flexibilitat dels ítems flex. Quan treballem amb flex, els elements són elàstics i poden encongir-se o expandir-se. Els valors d&#8217;amplada i alçada no sempre es respectaran, és important entendre això. Igual que tenim un eix&hellip; <a class="more-link" href="https://user0.gesem.es/blog/display-flex-maquetacio/">Continueu llegint <span class="screen-reader-text">Display flex &#8211; maquetació</span></a></p>
