{"id":165,"date":"2023-05-29T15:53:29","date_gmt":"2023-05-29T13:53:29","guid":{"rendered":"https:\/\/user0.gesem.es\/blog\/?page_id=165"},"modified":"2023-05-29T15:53:29","modified_gmt":"2023-05-29T13:53:29","slug":"alcada-de-linia","status":"publish","type":"page","link":"https:\/\/user0.gesem.es\/blog\/alcada-de-linia\/","title":{"rendered":"Al\u00e7ada de l\u00ednia"},"content":{"rendered":"\n<p class=\"wp-block-paragraph\">La propietat line-height (al\u00e7ada de l\u00ednia) permet controlar l&#8217;interliniat dels textos<\/p>\n\n\n\n<p class=\"wp-block-paragraph\">Podem assignar-li valors absoluts (en p\u00edxels) o relatius a la mida de la tipografia (m\u00e9s recomanable). <\/p>\n\n\n\n<pre class=\"wp-block-code\"><code>html{<br>font-size: 16px;<br>}<\/code><\/pre>\n\n\n\n<pre class=\"wp-block-code\"><code>p{<br>font-size:1rem;<br>line-height:1;<br>}<\/code><\/pre>\n\n\n\n<p class=\"wp-block-paragraph\">En aquest exemple, els par\u00e0grafs faran servir una tipografia de 16px (1rem) i tindran un interliniea de 1 unitat (16px).<\/p>\n\n\n\n<pre class=\"wp-block-code\"><code>html{<br>font-size: 16px;<br>}<\/code><\/pre>\n\n\n\n<pre class=\"wp-block-code\"><code>p{<br>font-size:1rem;<br>line-height:2;<br>}<\/code><\/pre>\n\n\n\n<p class=\"wp-block-paragraph\">En aquest exemple, l&#8217;interlinieat ser\u00e0 de 32px (16px * 2)<\/p>\n\n\n\n<div class=\"wp-block-group exercici\"><div class=\"wp-block-group__inner-container is-layout-constrained wp-block-group-is-layout-constrained\">\n<p class=\"wp-block-paragraph\">Exercici<\/p>\n\n\n\n<p class=\"wp-block-paragraph\">Si no ho has fet a classe, assigna als teus enlla\u00e7os amb la classe \u00abpildora\u00bb un interliniat de 1 unitat. <\/p>\n\n\n\n<p class=\"wp-block-paragraph\">Notes la difer\u00e8ncia?<\/p>\n<\/div><\/div>\n","protected":false},"excerpt":{"rendered":"<p>La propietat line-height (al\u00e7ada de l\u00ednia) permet controlar l&#8217;interliniat dels textos Podem assignar-li valors absoluts (en p\u00edxels) o relatius a la mida de la tipografia (m\u00e9s recomanable). En aquest exemple, els par\u00e0grafs faran servir una tipografia de 16px (1rem) i tindran un interliniea de 1 unitat (16px). En aquest exemple, l&#8217;interlinieat ser\u00e0 de 32px (16px&hellip; <a class=\"more-link\" href=\"https:\/\/user0.gesem.es\/blog\/alcada-de-linia\/\">Continueu llegint <span class=\"screen-reader-text\">Al\u00e7ada de l\u00ednia<\/span><\/a><\/p>\n","protected":false},"author":1,"featured_media":0,"parent":0,"menu_order":0,"comment_status":"closed","ping_status":"closed","template":"","meta":{"footnotes":""},"class_list":["post-165","page","type-page","status-publish","hentry","entry"],"_links":{"self":[{"href":"https:\/\/user0.gesem.es\/blog\/wp-json\/wp\/v2\/pages\/165","targetHints":{"allow":["GET"]}}],"collection":[{"href":"https:\/\/user0.gesem.es\/blog\/wp-json\/wp\/v2\/pages"}],"about":[{"href":"https:\/\/user0.gesem.es\/blog\/wp-json\/wp\/v2\/types\/page"}],"author":[{"embeddable":true,"href":"https:\/\/user0.gesem.es\/blog\/wp-json\/wp\/v2\/users\/1"}],"replies":[{"embeddable":true,"href":"https:\/\/user0.gesem.es\/blog\/wp-json\/wp\/v2\/comments?post=165"}],"version-history":[{"count":1,"href":"https:\/\/user0.gesem.es\/blog\/wp-json\/wp\/v2\/pages\/165\/revisions"}],"predecessor-version":[{"id":166,"href":"https:\/\/user0.gesem.es\/blog\/wp-json\/wp\/v2\/pages\/165\/revisions\/166"}],"wp:attachment":[{"href":"https:\/\/user0.gesem.es\/blog\/wp-json\/wp\/v2\/media?parent=165"}],"curies":[{"name":"wp","href":"https:\/\/api.w.org\/{rel}","templated":true}]}}

Alçada de línia

<p class="wp-block-paragraph">La propietat line-height (alçada de línia) permet controlar l&#8217;interliniat dels textos</p>



<p class="wp-block-paragraph">Podem assignar-li valors absoluts (en píxels) o relatius a la mida de la tipografia (més recomanable). </p>



<pre class="wp-block-code"><code>html{<br>font-size: 16px;<br>}</code></pre>



<pre class="wp-block-code"><code>p{<br>font-size:1rem;<br>line-height:1;<br>}</code></pre>



<p class="wp-block-paragraph">En aquest exemple, els paràgrafs faran servir una tipografia de 16px (1rem) i tindran un interliniea de 1 unitat (16px).</p>



<pre class="wp-block-code"><code>html{<br>font-size: 16px;<br>}</code></pre>



<pre class="wp-block-code"><code>p{<br>font-size:1rem;<br>line-height:2;<br>}</code></pre>



<p class="wp-block-paragraph">En aquest exemple, l&#8217;interlinieat serà de 32px (16px * 2)</p>



<div class="wp-block-group exercici"><div class="wp-block-group__inner-container is-layout-constrained wp-block-group-is-layout-constrained">
<p class="wp-block-paragraph">Exercici</p>



<p class="wp-block-paragraph">Si no ho has fet a classe, assigna als teus enllaços amb la classe «pildora» un interliniat de 1 unitat. </p>



<p class="wp-block-paragraph">Notes la diferència?</p>
</div></div>

<p>La propietat line-height (alçada de línia) permet controlar l&#8217;interliniat dels textos Podem assignar-li valors absoluts (en píxels) o relatius a la mida de la tipografia (més recomanable). En aquest exemple, els paràgrafs faran servir una tipografia de 16px (1rem) i tindran un interliniea de 1 unitat (16px). En aquest exemple, l&#8217;interlinieat serà de 32px (16px&hellip; <a class="more-link" href="https://user0.gesem.es/blog/alcada-de-linia/">Continueu llegint <span class="screen-reader-text">Alçada de línia</span></a></p>
