{"id":121,"date":"2023-05-22T20:23:50","date_gmt":"2023-05-22T18:23:50","guid":{"rendered":"https:\/\/user0.gesem.es\/blog\/?page_id=121"},"modified":"2023-05-22T20:54:43","modified_gmt":"2023-05-22T18:54:43","slug":"estilar-botons","status":"publish","type":"page","link":"https:\/\/user0.gesem.es\/blog\/estilar-botons\/","title":{"rendered":"Estilar enlla\u00e7os I: Botons"},"content":{"rendered":"\n<p class=\"wp-block-paragraph\">Al peu de la p\u00e0gina de les pioneres tenim un enlla\u00e7 a la part superior de la p\u00e0gina. Volem estilar aquest bot\u00f3 i volem posicionar-lo a la part inferior dreta de la pantalla, sempre visible i disponible per poder ajudar-nos a tornar a dalt en qualsevol moment.<\/p>\n\n\n\n<p class=\"wp-block-paragraph\"><strong>Quines propietats necessitarem modificar per posicionar-lo?<\/strong><\/p>\n\n\n\n<p class=\"wp-block-paragraph\">Necessitarem modificar les seg\u00fcents propietats amb els seg\u00fcents valors:<\/p>\n\n\n\n<ul class=\"wp-block-list\">\n<li>position:fixed<\/li>\n\n\n\n<li>bottom: 20px<\/li>\n\n\n\n<li>right: 20px<\/li>\n<\/ul>\n\n\n\n<p class=\"wp-block-paragraph\"><strong>Quines propietats necessitem modificar per a fer-lo com el bot\u00f3 del disseny?<\/strong><\/p>\n\n\n\n<figure class=\"wp-block-image size-full\"><img loading=\"lazy\" decoding=\"async\" width=\"357\" height=\"186\" src=\"https:\/\/user0.gesem.es\/blog\/wp-content\/uploads\/2023\/05\/imagen-4.png\" alt=\"\" class=\"wp-image-123\" srcset=\"https:\/\/user0.gesem.es\/blog\/wp-content\/uploads\/2023\/05\/imagen-4.png 357w, https:\/\/user0.gesem.es\/blog\/wp-content\/uploads\/2023\/05\/imagen-4-300x156.png 300w\" sizes=\"auto, (max-width: 357px) 100vw, 357px\" \/><\/figure>\n\n\n\n<p class=\"wp-block-paragraph\">Hem fet una llista de propietats:<\/p>\n\n\n\n<ul class=\"wp-block-list\">\n<li>font-size: 20px<\/li>\n\n\n\n<li>color:white<\/li>\n\n\n\n<li>background-color:blue<\/li>\n\n\n\n<li>border-radius: 20px<\/li>\n\n\n\n<li>border-width: 2px<\/li>\n\n\n\n<li>border-style: solid<\/li>\n\n\n\n<li>border-color: black<\/li>\n\n\n\n<li>padding: 10px 30px<\/li>\n\n\n\n<li>text-decoration: none<\/li>\n<\/ul>\n\n\n\n<p class=\"wp-block-paragraph\">Un cop feta la llista de propietats, hem modificat l&#8217;HTML per donar dues classes al bot\u00f3 del peu<\/p>\n\n\n\n<pre class=\"wp-block-code\"><code>&lt;footer&gt;<br>&lt;p&gt;&lt;a href=\"#navegacio\" class=\"pildora boto-pujar\"&gt;Pujar&lt;\/a&gt;&lt;\/p&gt;<br>&lt;\/footer&gt;<\/code><\/pre>\n\n\n\n<p class=\"wp-block-paragraph\"><strong>Hem posat dues classes per poder separar les propietats relatives a la posici\u00f3 i a l&#8217;aparen\u00e7a.<\/strong> D&#8217;aquesta manera, podrem aplicar la classe \u00abpildora\u00bb a tots els botons que volguem que es vegin com aquest. La classe \u00abboto-pujar\u00bb la farem servir nom\u00e9s per posicionar el bot\u00f3:<\/p>\n\n\n\n<pre class=\"wp-block-code\"><code>.boto-pujar{<br>position:fixed;<br>bottom:20px;<br>right:20px;<br>}<\/code><\/pre>\n\n\n\n<pre class=\"wp-block-code\"><code>.pildora{\nfont-size:20px;\ncolor:white;\nbackground-color:blue;\npadding:10px 30px;\nborder:2px solid black;\nborder-radius:20px;\ntext-decoration:none;\n}<\/code><\/pre>\n\n\n\n<p class=\"wp-block-paragraph\">Hem explicat que podem escriure les propietats del border per separat (border-width, border-style, border-color) o unir-les en una \u00fanica propietat anomenada \u00abborder\u00bb. El primer valor modificar\u00e0 el border-width, el segon el border-style i el tercer, el border-color. Durant el curs anirem veient altres propietats que podem simplificar.<\/p>\n\n\n\n<p class=\"wp-block-paragraph\">Despr\u00e9s hem fet una millora, <strong>hem definit el padding i el border radius en relaci\u00f3 a la mida de la tipografia<\/strong>. D&#8217;aquesta manera, podem fer botons de diferents mides, on nom\u00e9s canviant el valor de la font-size es modifiquin les altres propietats de manera harm\u00f2nica.<\/p>\n\n\n\n<pre class=\"wp-block-code\"><code>.pildora{\nfont-size:20px;\ncolor:white;\nbackground-color:blue;\npadding:0.5em 1.5em;\nborder:2px solid black;\nborder-radius:1em;\ntext-decoration:none;\n}<\/code><\/pre>\n\n\n\n<p class=\"wp-block-paragraph\">Despr\u00e9s hem creat una altra regla per poder crear botons m\u00e9s grans:<\/p>\n\n\n\n<pre class=\"wp-block-code\"><code>.pildora.gran{<br>font-size:40px;<br>}<\/code><\/pre>\n\n\n\n<p class=\"wp-block-paragraph\">A l&#8217;HTML hem posat la classe \u00abpildora\u00bb a diferents enlla\u00e7os. I a l&#8217;enlla\u00e7 del peu li hem posat, a m\u00e9s, la classe \u00abgran\u00bb<\/p>\n\n\n\n<pre class=\"wp-block-code\"><code>&lt;footer&gt; &lt;p&gt;&lt;a href=\"#navegacio\" class=\"pildora gran boto-pujar\"&gt;Pujar&lt;\/a&gt;&lt;\/p&gt; &lt;\/footer&gt;<\/code><\/pre>\n\n\n\n<p class=\"wp-block-paragraph\">El selector .pildora.gran localitzar\u00e0 aquells elements amb la classe pildora que tamb\u00e9 tinguin la classe gran.<\/p>\n\n\n\n<h2 class=\"wp-block-heading\">El display dels botons<\/h2>\n\n\n\n<p class=\"wp-block-paragraph\">Per defecte, els enlla\u00e7os (etiqueta a) tenen un tipus de display \u00abinline\u00bb. Aix\u00f2 significa que ocupen nom\u00e9s l&#8217;espai imprescindible per a mostrar el seu contingut. Per\u00f2 tamb\u00e9 significa que l&#8217;element contenidor no els fa l&#8217;espai que a vegades necessiten..aix\u00f2 es veu clarament en els botons que hem posat dins de la navegaci\u00f3  (a aquells enlla\u00e7os de la navegaci\u00f3 als que, per posar en pr\u00e0ctica aix\u00f2 d&#8217;aplicar classes, hem marcat com a classe \u00abpildora\u00bb).<\/p>\n\n\n\n<p class=\"wp-block-paragraph\">Per solucionar-ho, hem canviat el display a \u00abblock\u00bb. I si b\u00e9 \u00e9s cert que ara el contenidor (li) els ha donat prou espai, els botons han passat a ocupar el 100% de la pantalla (cosa que passa amb els elements tipus \u00abblock\u00bb).<\/p>\n\n\n\n<p class=\"wp-block-paragraph\">Per solucionar-ho, els hem donat un display intermig: \u00abinline-block\u00bb<\/p>\n\n\n\n<pre class=\"wp-block-code\"><code>.pildora{\nfont-size:20px;\ncolor:white;\nbackground-color:blue;\npadding:0.5em 1.5em;\nborder:2px solid black;\nborder-radius:1em;\ntext-decoration:none;\ndisplay:inline-block;\n}<\/code><\/pre>\n\n\n\n<p class=\"wp-block-paragraph\"><strong>No us agradaria poder indicar com voleu que sigui aquest bot\u00f3 quan passem el cursor per sobre?<\/strong> (per exemple, fer que al passar el cursor canvies el background-color i el color) <strong>Com ho podem fer?<\/strong> Haurem d&#8217;aprendre a fer servir <strong>pseudo-classes<\/strong>.<\/p>\n","protected":false},"excerpt":{"rendered":"<p>Al peu de la p\u00e0gina de les pioneres tenim un enlla\u00e7 a la part superior de la p\u00e0gina. Volem estilar aquest bot\u00f3 i volem posicionar-lo a la part inferior dreta de la pantalla, sempre visible i disponible per poder ajudar-nos a tornar a dalt en qualsevol moment. Quines propietats necessitarem modificar per posicionar-lo? Necessitarem modificar&hellip; <a class=\"more-link\" href=\"https:\/\/user0.gesem.es\/blog\/estilar-botons\/\">Continueu llegint <span class=\"screen-reader-text\">Estilar enlla\u00e7os I: Botons<\/span><\/a><\/p>\n","protected":false},"author":1,"featured_media":0,"parent":0,"menu_order":0,"comment_status":"closed","ping_status":"closed","template":"","meta":{"footnotes":""},"class_list":["post-121","page","type-page","status-publish","hentry","entry"],"_links":{"self":[{"href":"https:\/\/user0.gesem.es\/blog\/wp-json\/wp\/v2\/pages\/121","targetHints":{"allow":["GET"]}}],"collection":[{"href":"https:\/\/user0.gesem.es\/blog\/wp-json\/wp\/v2\/pages"}],"about":[{"href":"https:\/\/user0.gesem.es\/blog\/wp-json\/wp\/v2\/types\/page"}],"author":[{"embeddable":true,"href":"https:\/\/user0.gesem.es\/blog\/wp-json\/wp\/v2\/users\/1"}],"replies":[{"embeddable":true,"href":"https:\/\/user0.gesem.es\/blog\/wp-json\/wp\/v2\/comments?post=121"}],"version-history":[{"count":6,"href":"https:\/\/user0.gesem.es\/blog\/wp-json\/wp\/v2\/pages\/121\/revisions"}],"predecessor-version":[{"id":131,"href":"https:\/\/user0.gesem.es\/blog\/wp-json\/wp\/v2\/pages\/121\/revisions\/131"}],"wp:attachment":[{"href":"https:\/\/user0.gesem.es\/blog\/wp-json\/wp\/v2\/media?parent=121"}],"curies":[{"name":"wp","href":"https:\/\/api.w.org\/{rel}","templated":true}]}}

Estilar enllaços I: Botons

<p class="wp-block-paragraph">Al peu de la pàgina de les pioneres tenim un enllaç a la part superior de la pàgina. Volem estilar aquest botó i volem posicionar-lo a la part inferior dreta de la pantalla, sempre visible i disponible per poder ajudar-nos a tornar a dalt en qualsevol moment.</p>



<p class="wp-block-paragraph"><strong>Quines propietats necessitarem modificar per posicionar-lo?</strong></p>



<p class="wp-block-paragraph">Necessitarem modificar les següents propietats amb els següents valors:</p>



<ul class="wp-block-list">
<li>position:fixed</li>



<li>bottom: 20px</li>



<li>right: 20px</li>
</ul>



<p class="wp-block-paragraph"><strong>Quines propietats necessitem modificar per a fer-lo com el botó del disseny?</strong></p>



<figure class="wp-block-image size-full"><img loading="lazy" decoding="async" width="357" height="186" src="https://user0.gesem.es/blog/wp-content/uploads/2023/05/imagen-4.png" alt="" class="wp-image-123" srcset="https://user0.gesem.es/blog/wp-content/uploads/2023/05/imagen-4.png 357w, https://user0.gesem.es/blog/wp-content/uploads/2023/05/imagen-4-300x156.png 300w" sizes="auto, (max-width: 357px) 100vw, 357px" /></figure>



<p class="wp-block-paragraph">Hem fet una llista de propietats:</p>



<ul class="wp-block-list">
<li>font-size: 20px</li>



<li>color:white</li>



<li>background-color:blue</li>



<li>border-radius: 20px</li>



<li>border-width: 2px</li>



<li>border-style: solid</li>



<li>border-color: black</li>



<li>padding: 10px 30px</li>



<li>text-decoration: none</li>
</ul>



<p class="wp-block-paragraph">Un cop feta la llista de propietats, hem modificat l&#8217;HTML per donar dues classes al botó del peu</p>



<pre class="wp-block-code"><code>&lt;footer&gt;<br>&lt;p&gt;&lt;a href="#navegacio" class="pildora boto-pujar"&gt;Pujar&lt;/a&gt;&lt;/p&gt;<br>&lt;/footer&gt;</code></pre>



<p class="wp-block-paragraph"><strong>Hem posat dues classes per poder separar les propietats relatives a la posició i a l&#8217;aparença.</strong> D&#8217;aquesta manera, podrem aplicar la classe «pildora» a tots els botons que volguem que es vegin com aquest. La classe «boto-pujar» la farem servir només per posicionar el botó:</p>



<pre class="wp-block-code"><code>.boto-pujar{<br>position:fixed;<br>bottom:20px;<br>right:20px;<br>}</code></pre>



<pre class="wp-block-code"><code>.pildora{
font-size:20px;
color:white;
background-color:blue;
padding:10px 30px;
border:2px solid black;
border-radius:20px;
text-decoration:none;
}</code></pre>



<p class="wp-block-paragraph">Hem explicat que podem escriure les propietats del border per separat (border-width, border-style, border-color) o unir-les en una única propietat anomenada «border». El primer valor modificarà el border-width, el segon el border-style i el tercer, el border-color. Durant el curs anirem veient altres propietats que podem simplificar.</p>



<p class="wp-block-paragraph">Després hem fet una millora, <strong>hem definit el padding i el border radius en relació a la mida de la tipografia</strong>. D&#8217;aquesta manera, podem fer botons de diferents mides, on només canviant el valor de la font-size es modifiquin les altres propietats de manera harmònica.</p>



<pre class="wp-block-code"><code>.pildora{
font-size:20px;
color:white;
background-color:blue;
padding:0.5em 1.5em;
border:2px solid black;
border-radius:1em;
text-decoration:none;
}</code></pre>



<p class="wp-block-paragraph">Després hem creat una altra regla per poder crear botons més grans:</p>



<pre class="wp-block-code"><code>.pildora.gran{<br>font-size:40px;<br>}</code></pre>



<p class="wp-block-paragraph">A l&#8217;HTML hem posat la classe «pildora» a diferents enllaços. I a l&#8217;enllaç del peu li hem posat, a més, la classe «gran»</p>



<pre class="wp-block-code"><code>&lt;footer&gt; &lt;p&gt;&lt;a href="#navegacio" class="pildora gran boto-pujar"&gt;Pujar&lt;/a&gt;&lt;/p&gt; &lt;/footer&gt;</code></pre>



<p class="wp-block-paragraph">El selector .pildora.gran localitzarà aquells elements amb la classe pildora que també tinguin la classe gran.</p>



<h2 class="wp-block-heading">El display dels botons</h2>



<p class="wp-block-paragraph">Per defecte, els enllaços (etiqueta a) tenen un tipus de display «inline». Això significa que ocupen només l&#8217;espai imprescindible per a mostrar el seu contingut. Però també significa que l&#8217;element contenidor no els fa l&#8217;espai que a vegades necessiten..això es veu clarament en els botons que hem posat dins de la navegació  (a aquells enllaços de la navegació als que, per posar en pràctica això d&#8217;aplicar classes, hem marcat com a classe «pildora»).</p>



<p class="wp-block-paragraph">Per solucionar-ho, hem canviat el display a «block». I si bé és cert que ara el contenidor (li) els ha donat prou espai, els botons han passat a ocupar el 100% de la pantalla (cosa que passa amb els elements tipus «block»).</p>



<p class="wp-block-paragraph">Per solucionar-ho, els hem donat un display intermig: «inline-block»</p>



<pre class="wp-block-code"><code>.pildora{
font-size:20px;
color:white;
background-color:blue;
padding:0.5em 1.5em;
border:2px solid black;
border-radius:1em;
text-decoration:none;
display:inline-block;
}</code></pre>



<p class="wp-block-paragraph"><strong>No us agradaria poder indicar com voleu que sigui aquest botó quan passem el cursor per sobre?</strong> (per exemple, fer que al passar el cursor canvies el background-color i el color) <strong>Com ho podem fer?</strong> Haurem d&#8217;aprendre a fer servir <strong>pseudo-classes</strong>.</p>

<p>Al peu de la pàgina de les pioneres tenim un enllaç a la part superior de la pàgina. Volem estilar aquest botó i volem posicionar-lo a la part inferior dreta de la pantalla, sempre visible i disponible per poder ajudar-nos a tornar a dalt en qualsevol moment. Quines propietats necessitarem modificar per posicionar-lo? Necessitarem modificar&hellip; <a class="more-link" href="https://user0.gesem.es/blog/estilar-botons/">Continueu llegint <span class="screen-reader-text">Estilar enllaços I: Botons</span></a></p>
