{"id":10,"date":"2023-04-17T17:52:48","date_gmt":"2023-04-17T15:52:48","guid":{"rendered":"https:\/\/user0.gesem.es\/blog\/?page_id=10"},"modified":"2023-04-17T18:11:19","modified_gmt":"2023-04-17T16:11:19","slug":"dia-2-html-semantic","status":"publish","type":"page","link":"https:\/\/user0.gesem.es\/blog\/dia-2-html-semantic\/","title":{"rendered":"HTML sem\u00e0ntic II"},"content":{"rendered":"\n<p class=\"wp-block-paragraph\">DIA 2 (17.04.2023)<\/p>\n\n\n\n<p class=\"wp-block-paragraph\">Avui hem fet juntes l&#8217;exercici que vaig proposar per la sessi\u00f3 que no vaig poder fer: passar un disseny a HTML<\/p>\n\n\n\n<p class=\"wp-block-paragraph\">Quan rebem un disseny que ha de passar a HTML, el primer pas \u00e9s convertir aquest disseny (formes, colors, &#8230;) en un text. Aquest text ha de tenir sentit per ell mateix i ha de contenir les etiquetes que expliquin el sentit de tots els elements.<\/p>\n\n\n\n<p class=\"wp-block-paragraph\">Hem anat baixant per el disseny i hem anat posant les etiquetes que hem considerat necess\u00e0ries:<\/p>\n\n\n\n<ul class=\"wp-block-list\">\n<li>imatge amb atribut <em>alt<\/em> (logo)<\/li>\n\n\n\n<li>llistat d&#8217;enlla\u00e7os (men\u00fa, altres opcions)<\/li>\n\n\n\n<li>etiqueta h1 (t\u00edtol principal)<\/li>\n\n\n\n<li>etiquetes h2 i h3 (altres t\u00edtols)<\/li>\n\n\n\n<li>par\u00e0grafs, alguns amb strongs<\/li>\n\n\n\n<li>imatge<\/li>\n\n\n\n<li>enlla\u00e7os a v\u00eddeos o iframes de reproductors de v\u00eddeo<\/li>\n<\/ul>\n\n\n\n<p class=\"wp-block-paragraph\">Hem vist que quan maquetem prenem decisions basant-nos en el nostre propi criteri. Per exemple podem tractar una s\u00e8rie de punts com un conjunt de t\u00edtols i par\u00e0grafs, o com a llistat.<\/p>\n\n\n\n<p class=\"wp-block-paragraph\">Tamb\u00e9 podem considerar si les imatges s\u00f3n informatives o no. Si no ho s\u00f3n, podem no posar-les com imatge o posar-les sense l&#8217;atribut alt.<\/p>\n\n\n\n<blockquote class=\"wp-block-quote is-layout-flow wp-block-quote-is-layout-flow\">\n<p class=\"wp-block-paragraph\">RECORDEM: \u00c9s important que l&#8217;HTML sigui totalment sem\u00e0ntic, on cada element est\u00e0 etiquetat a partir de la seva funci\u00f3 al text. Hem d&#8217;oblidar qualsevol refer\u00e8ncia visual.<\/p>\n<\/blockquote>\n\n\n\n<p class=\"wp-block-paragraph\">A vegades el disseny ens enganya, perqu\u00e8 trobem coses com:<\/p>\n\n\n\n<ul class=\"wp-block-list\">\n<li>t\u00edtols de diferent nivell a la mateixa mida<\/li>\n\n\n\n<li>t\u00edtols d&#8217;un nivell inferior m\u00e9s grans que t\u00edtols d&#8217;un nivell superior <\/li>\n\n\n\n<li>ordre dels elements canviat (video + t\u00edtol + descripci\u00f3)<\/li>\n<\/ul>\n\n\n\n<p class=\"wp-block-paragraph\">Hem de poder detectar aquestes coses i mantenir-nos fermes en la creaci\u00f3 d&#8217;un HTML purament sem\u00e0ntic. Aix\u00f2 pot fer que a vegades posem continguts que no estan realment al disseny (per exemple dos punts entre una paraula i la seva descripci\u00f3, text on hi ha icones,&#8230;).<\/p>\n\n\n\n<p class=\"wp-block-paragraph\">Seguint amb la nostra hist\u00f2ria de l&#8217;HTML, expliquem que mentre les cient\u00edfiques de la nostra fict\u00edcia universitat estan etiquetant el text, hem dedicat una part de l&#8217;equip a desenvolupar un programa que permeti llegir aquest text: el <strong>navegador<\/strong>.<\/p>\n\n\n\n<blockquote class=\"wp-block-quote is-layout-flow wp-block-quote-is-layout-flow\">\n<p class=\"wp-block-paragraph\">RECORDA: S\u00f3n navegadors <em>Firefox<\/em>, <em>Safari<\/em>, <em>Chrome<\/em>, <em>Opera<\/em> o <em>Edge<\/em>. Google no \u00e9s un navegador, \u00e9s una empresa que t\u00e9 una web on podem fer cerques (tamb\u00e9 t\u00e9 altres serveis com correu web, programari d&#8217;ofim\u00e0tica online, allotjament d&#8217;arxius,&#8230;). La p\u00e0gina web de google (google.es) la podem veure en qualsevol navegador, podem fer cerques a google des de diferents navegadors, no nom\u00e9s a <em>Google Chrome<\/em>.<\/p>\n<\/blockquote>\n\n\n\n<p class=\"wp-block-paragraph\">Quan es va crear el primer navegador es van prendre una s\u00e8rie de decisions que han durat fins avui:<\/p>\n\n\n\n<ul class=\"wp-block-list\">\n<li>els navegadors llegiran text etiquetat i l&#8217;interpretaran visualment<\/li>\n\n\n\n<li>l&#8217;HTML nom\u00e9s contindr\u00e0 text i aquest estar\u00e0 etiquetat sem\u00e0nticament<\/li>\n<\/ul>\n\n\n\n<p class=\"wp-block-paragraph\">El fet de deixar la visualitzaci\u00f3 en mans del navegador, permet que qui produeix el contingut nom\u00e9s es centri en la informaci\u00f3 que ha de transmetre. Aquesta separaci\u00f3 de forma i fons permet:<\/p>\n\n\n\n<ul class=\"wp-block-list\">\n<li>Reduir el pes dels documents HTML (nom\u00e9s hi ha text i amb un conjunt limitat d&#8217;etiquetes &#8211; <strong>principi de simplicitat<\/strong>)<\/li>\n\n\n\n<li>Poder fer HTML amb qualsevol dispositiu, ja que la m\u00e0quina m\u00e9s simple \u00e9s capa\u00e7 de generar i llegir text (<strong>principi d&#8217;universalitat<\/strong>)<\/li>\n\n\n\n<li>Poder fer i llegir HTML amb qualsevol sistema operatiu (no caldr\u00e0 crear versions diferents segons la plataforma) (<strong>principi d&#8217;universalitat<\/strong>)<\/li>\n\n\n\n<li>Permetre que una m\u00e0quina llegeixi el text i valori la import\u00e0ncia que una paraula t\u00e9 en el text, segons si la troba en un h1, un h2, un par\u00e0graf, una llista, en l&#8217;alt d&#8217;una imatge o altres llocs (hem parlat d&#8217;aix\u00f2 i el <em>ranking<\/em> de <em>Google<\/em>)<\/li>\n<\/ul>\n\n\n\n<p class=\"wp-block-paragraph\">Al principi, van sortir algunes empreses que van entrar en una lluita per fer el navegador millor, el que permet\u00e9s fer p\u00e0gines web m\u00e9s vistoses. Aix\u00f2 va fer que cada navegador propos\u00e9s fer servir un conjunt d&#8217;etiquetes pr\u00f2pies.. i es va posar en perill el principi d&#8217;universalitat. Per aix\u00f2 es va decidir crear el <strong>W3C<\/strong>, un consorci mundial que vetlla per mantenir un llistat de les etiquetes que els navegadors han de poder llegir. De tant en tant, es revisa aquesta llista i es proposa una nova versi\u00f3 de l&#8217;HTML: HTML 1, HTML 2,&#8230; fins arribar a l&#8217;actual <strong>HTML 5<\/strong>.<\/p>\n\n\n\n<p class=\"wp-block-paragraph\">Cada versi\u00f3 d&#8217;HTML evoluciona el codi, per\u00f2 sempre mantenint una m\u00e0xima: els navegadors m\u00e9s antics han de poder llegir l&#8217;HTML m\u00e9s nou (<strong>principi de degradabilitat<\/strong>) Les etiquetes noves no han de generar un error en els navegadors que no les entenen.<\/p>\n\n\n\n<p class=\"wp-block-paragraph\">A l&#8217;\u00faltima revisi\u00f3 de l&#8217;HTML es van afegir una s\u00e8rie d&#8217;etiquetes per fer agrupacions de contingut. Aquestes etiquetes s\u00f3n tamb\u00e9 sem\u00e0ntiques:<\/p>\n\n\n\n<ul class=\"wp-block-list\">\n<li>header<\/li>\n\n\n\n<li>footer<\/li>\n\n\n\n<li>section<\/li>\n\n\n\n<li>article<\/li>\n\n\n\n<li>main<\/li>\n\n\n\n<li>aside<\/li>\n\n\n\n<li>nav<\/li>\n\n\n\n<li>&#8230;<\/li>\n<\/ul>\n\n\n\n<p class=\"wp-block-paragraph\">A classe, hem completat el nostre HTML amb aquestes etiquetes.<\/p>\n\n\n\n<p class=\"wp-block-paragraph\">L&#8217;arxiu que obrir\u00e0 el navegador t\u00e9 l&#8217;extensi\u00f3 .html (.htm tamb\u00e9 serveix). Aquest arxiu de text tindr\u00e0 una estructura molt simple:<\/p>\n\n\n\n<p class=\"wp-block-paragraph\">&lt;!DOCTYPE&gt;<\/p>\n\n\n\n<p class=\"wp-block-paragraph\">&lt;html&gt;<\/p>\n\n\n\n<p class=\"wp-block-paragraph\">    &lt;head&gt; .. &lt;\/head&gt;<\/p>\n\n\n\n<p class=\"wp-block-paragraph\">    &lt;body&gt; &#8230;. &lt;\/body&gt;<\/p>\n\n\n\n<p class=\"wp-block-paragraph\">&lt;\/html&gt;<\/p>\n\n\n\n<p class=\"wp-block-paragraph\">\u00c9s important:<\/p>\n\n\n\n<ul class=\"wp-block-list\">\n<li>posar noms descriptius als fitxers<\/li>\n\n\n\n<li>no fer servir ni espais en blanc ni car\u00e0cters que no siguin a l&#8217;alfabet angl\u00e8s (si volem fer espais, farem servir guions)<\/li>\n<\/ul>\n\n\n\n<p class=\"wp-block-paragraph\">un exemple de nom d&#8217;arxiu seria: plantilla-arxiu-web.html<\/p>\n\n\n\n<p class=\"wp-block-paragraph\">Pot ser que l&#8217;editor de codi us suggereixi escriure la primera l\u00ednia de la seg\u00fcent manera:<\/p>\n\n\n\n<p class=\"wp-block-paragraph\">&lt;!doctype html&gt;<\/p>\n\n\n\n<p class=\"wp-block-paragraph\">Tamb\u00e9 pot ser que, al fer un arxiu HTML, ja us cre\u00ef l&#8217;estructura b\u00e0sica.<\/p>\n\n\n\n<p class=\"wp-block-paragraph\">A dins de l&#8217;etiqueta &lt;head> posarem ordres per al navegador, informaci\u00f3 que volem que el navegador tingui en compte a l&#8217;hora de visualitzar el nostre document.<\/p>\n\n\n\n<p class=\"wp-block-paragraph\">A dins de l&#8217;etiqueta &lt;body&gt; posarem el contingut que volem que es pugui veure \/ escoltar.<\/p>\n\n\n\n<p class=\"wp-block-paragraph\">Hem copiat i enganxat el text de l&#8217;exercici del primer dia (sobre les pioneres inform\u00e0tiques) a dins del body. Ens hem assegurat de guardar els canvis i hem obert l&#8217;arxiu html en un navegdor.<\/p>\n\n\n\n<h2 class=\"wp-block-heading\"><strong>Qu\u00e8 passa quan mirem un arxiu html en un navegador?<\/strong><\/h2>\n\n\n\n<p class=\"wp-block-paragraph\">Quan obrir un document html a un navegador podem visualitzar-lo.<\/p>\n\n\n\n<p class=\"wp-block-paragraph\">El navegador llegeix les etiquetes i les representa visualment:<\/p>\n\n\n\n<ul class=\"wp-block-list\">\n<li>Els h1 s\u00f3n m\u00e9s grans que els h2; els h2 s\u00f3n m\u00e9s grans que els h3;&#8230;<\/li>\n\n\n\n<li>Els enlla\u00e7os els mostra de color blau i subratllats<\/li>\n\n\n\n<li>Els \u00edtems de les llistes tipus ul, comencen amb un puntet negre i estan tabulades cap a dins<\/li>\n\n\n\n<li>La zona del body t\u00e9 el fons blanc<\/li>\n\n\n\n<li>La zona del body t\u00e9 un espai interior, el contingut no va a sang<\/li>\n\n\n\n<li>El text \u00e9s de color negre i fa servir una tipografia amb serifa que hi hagi instal\u00b7lada a l&#8217;ordinador.<\/li>\n<\/ul>\n\n\n\n<p class=\"wp-block-paragraph\">Hem pres nosaltres aquetes decisions? No, ho ha fet el navegador. Nosaltres hem posat la informaci\u00f3, el navegador la representaci\u00f3.<\/p>\n\n\n\n<p class=\"wp-block-paragraph\"><\/p>\n\n\n\n<p class=\"wp-block-paragraph\">Els documents HTML s\u00f3n responsive per naturalesa, \u00e9s a dir: s&#8217;adapten a la mida de la pantalla sense que es perdi informaci\u00f3. Els par\u00e0grafs es divideixen en diferents l\u00ednies de forma autom\u00e0tica, ocupant tota la pantalla d&#8217;esquerra a dret<\/p>\n\n\n\n<p class=\"wp-block-paragraph\">En alguns navegadors veureu car\u00e0cters extranys on s&#8217;han de veure accents i altres car\u00e0cters no anglesos. No us ha de preocupar, veurem aviat qu\u00e8 podem afegir dins de la zona etiquetada como a head per a que es visualitzin correctament. <\/p>\n\n\n\n<p class=\"wp-block-paragraph\"><\/p>\n\n\n\n<p class=\"wp-block-paragraph\"><\/p>\n","protected":false},"excerpt":{"rendered":"<p>DIA 2 (17.04.2023) Avui hem fet juntes l&#8217;exercici que vaig proposar per la sessi\u00f3 que no vaig poder fer: passar un disseny a HTML Quan rebem un disseny que ha de passar a HTML, el primer pas \u00e9s convertir aquest disseny (formes, colors, &#8230;) en un text. Aquest text ha de tenir sentit per ell&hellip; <a class=\"more-link\" href=\"https:\/\/user0.gesem.es\/blog\/dia-2-html-semantic\/\">Continueu llegint <span class=\"screen-reader-text\">HTML sem\u00e0ntic II<\/span><\/a><\/p>\n","protected":false},"author":1,"featured_media":0,"parent":0,"menu_order":0,"comment_status":"closed","ping_status":"closed","template":"","meta":{"footnotes":""},"class_list":["post-10","page","type-page","status-publish","hentry","entry"],"_links":{"self":[{"href":"https:\/\/user0.gesem.es\/blog\/wp-json\/wp\/v2\/pages\/10","targetHints":{"allow":["GET"]}}],"collection":[{"href":"https:\/\/user0.gesem.es\/blog\/wp-json\/wp\/v2\/pages"}],"about":[{"href":"https:\/\/user0.gesem.es\/blog\/wp-json\/wp\/v2\/types\/page"}],"author":[{"embeddable":true,"href":"https:\/\/user0.gesem.es\/blog\/wp-json\/wp\/v2\/users\/1"}],"replies":[{"embeddable":true,"href":"https:\/\/user0.gesem.es\/blog\/wp-json\/wp\/v2\/comments?post=10"}],"version-history":[{"count":8,"href":"https:\/\/user0.gesem.es\/blog\/wp-json\/wp\/v2\/pages\/10\/revisions"}],"predecessor-version":[{"id":18,"href":"https:\/\/user0.gesem.es\/blog\/wp-json\/wp\/v2\/pages\/10\/revisions\/18"}],"wp:attachment":[{"href":"https:\/\/user0.gesem.es\/blog\/wp-json\/wp\/v2\/media?parent=10"}],"curies":[{"name":"wp","href":"https:\/\/api.w.org\/{rel}","templated":true}]}}

HTML semàntic II

<p class="wp-block-paragraph">DIA 2 (17.04.2023)</p>



<p class="wp-block-paragraph">Avui hem fet juntes l&#8217;exercici que vaig proposar per la sessió que no vaig poder fer: passar un disseny a HTML</p>



<p class="wp-block-paragraph">Quan rebem un disseny que ha de passar a HTML, el primer pas és convertir aquest disseny (formes, colors, &#8230;) en un text. Aquest text ha de tenir sentit per ell mateix i ha de contenir les etiquetes que expliquin el sentit de tots els elements.</p>



<p class="wp-block-paragraph">Hem anat baixant per el disseny i hem anat posant les etiquetes que hem considerat necessàries:</p>



<ul class="wp-block-list">
<li>imatge amb atribut <em>alt</em> (logo)</li>



<li>llistat d&#8217;enllaços (menú, altres opcions)</li>



<li>etiqueta h1 (títol principal)</li>



<li>etiquetes h2 i h3 (altres títols)</li>



<li>paràgrafs, alguns amb strongs</li>



<li>imatge</li>



<li>enllaços a vídeos o iframes de reproductors de vídeo</li>
</ul>



<p class="wp-block-paragraph">Hem vist que quan maquetem prenem decisions basant-nos en el nostre propi criteri. Per exemple podem tractar una sèrie de punts com un conjunt de títols i paràgrafs, o com a llistat.</p>



<p class="wp-block-paragraph">També podem considerar si les imatges són informatives o no. Si no ho són, podem no posar-les com imatge o posar-les sense l&#8217;atribut alt.</p>



<blockquote class="wp-block-quote is-layout-flow wp-block-quote-is-layout-flow">
<p class="wp-block-paragraph">RECORDEM: És important que l&#8217;HTML sigui totalment semàntic, on cada element està etiquetat a partir de la seva funció al text. Hem d&#8217;oblidar qualsevol referència visual.</p>
</blockquote>



<p class="wp-block-paragraph">A vegades el disseny ens enganya, perquè trobem coses com:</p>



<ul class="wp-block-list">
<li>títols de diferent nivell a la mateixa mida</li>



<li>títols d&#8217;un nivell inferior més grans que títols d&#8217;un nivell superior </li>



<li>ordre dels elements canviat (video + títol + descripció)</li>
</ul>



<p class="wp-block-paragraph">Hem de poder detectar aquestes coses i mantenir-nos fermes en la creació d&#8217;un HTML purament semàntic. Això pot fer que a vegades posem continguts que no estan realment al disseny (per exemple dos punts entre una paraula i la seva descripció, text on hi ha icones,&#8230;).</p>



<p class="wp-block-paragraph">Seguint amb la nostra història de l&#8217;HTML, expliquem que mentre les científiques de la nostra fictícia universitat estan etiquetant el text, hem dedicat una part de l&#8217;equip a desenvolupar un programa que permeti llegir aquest text: el <strong>navegador</strong>.</p>



<blockquote class="wp-block-quote is-layout-flow wp-block-quote-is-layout-flow">
<p class="wp-block-paragraph">RECORDA: Són navegadors <em>Firefox</em>, <em>Safari</em>, <em>Chrome</em>, <em>Opera</em> o <em>Edge</em>. Google no és un navegador, és una empresa que té una web on podem fer cerques (també té altres serveis com correu web, programari d&#8217;ofimàtica online, allotjament d&#8217;arxius,&#8230;). La pàgina web de google (google.es) la podem veure en qualsevol navegador, podem fer cerques a google des de diferents navegadors, no només a <em>Google Chrome</em>.</p>
</blockquote>



<p class="wp-block-paragraph">Quan es va crear el primer navegador es van prendre una sèrie de decisions que han durat fins avui:</p>



<ul class="wp-block-list">
<li>els navegadors llegiran text etiquetat i l&#8217;interpretaran visualment</li>



<li>l&#8217;HTML només contindrà text i aquest estarà etiquetat semànticament</li>
</ul>



<p class="wp-block-paragraph">El fet de deixar la visualització en mans del navegador, permet que qui produeix el contingut només es centri en la informació que ha de transmetre. Aquesta separació de forma i fons permet:</p>



<ul class="wp-block-list">
<li>Reduir el pes dels documents HTML (només hi ha text i amb un conjunt limitat d&#8217;etiquetes &#8211; <strong>principi de simplicitat</strong>)</li>



<li>Poder fer HTML amb qualsevol dispositiu, ja que la màquina més simple és capaç de generar i llegir text (<strong>principi d&#8217;universalitat</strong>)</li>



<li>Poder fer i llegir HTML amb qualsevol sistema operatiu (no caldrà crear versions diferents segons la plataforma) (<strong>principi d&#8217;universalitat</strong>)</li>



<li>Permetre que una màquina llegeixi el text i valori la importància que una paraula té en el text, segons si la troba en un h1, un h2, un paràgraf, una llista, en l&#8217;alt d&#8217;una imatge o altres llocs (hem parlat d&#8217;això i el <em>ranking</em> de <em>Google</em>)</li>
</ul>



<p class="wp-block-paragraph">Al principi, van sortir algunes empreses que van entrar en una lluita per fer el navegador millor, el que permetés fer pàgines web més vistoses. Això va fer que cada navegador proposés fer servir un conjunt d&#8217;etiquetes pròpies.. i es va posar en perill el principi d&#8217;universalitat. Per això es va decidir crear el <strong>W3C</strong>, un consorci mundial que vetlla per mantenir un llistat de les etiquetes que els navegadors han de poder llegir. De tant en tant, es revisa aquesta llista i es proposa una nova versió de l&#8217;HTML: HTML 1, HTML 2,&#8230; fins arribar a l&#8217;actual <strong>HTML 5</strong>.</p>



<p class="wp-block-paragraph">Cada versió d&#8217;HTML evoluciona el codi, però sempre mantenint una màxima: els navegadors més antics han de poder llegir l&#8217;HTML més nou (<strong>principi de degradabilitat</strong>) Les etiquetes noves no han de generar un error en els navegadors que no les entenen.</p>



<p class="wp-block-paragraph">A l&#8217;última revisió de l&#8217;HTML es van afegir una sèrie d&#8217;etiquetes per fer agrupacions de contingut. Aquestes etiquetes són també semàntiques:</p>



<ul class="wp-block-list">
<li>header</li>



<li>footer</li>



<li>section</li>



<li>article</li>



<li>main</li>



<li>aside</li>



<li>nav</li>



<li>&#8230;</li>
</ul>



<p class="wp-block-paragraph">A classe, hem completat el nostre HTML amb aquestes etiquetes.</p>



<p class="wp-block-paragraph">L&#8217;arxiu que obrirà el navegador té l&#8217;extensió .html (.htm també serveix). Aquest arxiu de text tindrà una estructura molt simple:</p>



<p class="wp-block-paragraph">&lt;!DOCTYPE&gt;</p>



<p class="wp-block-paragraph">&lt;html&gt;</p>



<p class="wp-block-paragraph">    &lt;head&gt; .. &lt;/head&gt;</p>



<p class="wp-block-paragraph">    &lt;body&gt; &#8230;. &lt;/body&gt;</p>



<p class="wp-block-paragraph">&lt;/html&gt;</p>



<p class="wp-block-paragraph">És important:</p>



<ul class="wp-block-list">
<li>posar noms descriptius als fitxers</li>



<li>no fer servir ni espais en blanc ni caràcters que no siguin a l&#8217;alfabet anglès (si volem fer espais, farem servir guions)</li>
</ul>



<p class="wp-block-paragraph">un exemple de nom d&#8217;arxiu seria: plantilla-arxiu-web.html</p>



<p class="wp-block-paragraph">Pot ser que l&#8217;editor de codi us suggereixi escriure la primera línia de la següent manera:</p>



<p class="wp-block-paragraph">&lt;!doctype html&gt;</p>



<p class="wp-block-paragraph">També pot ser que, al fer un arxiu HTML, ja us creï l&#8217;estructura bàsica.</p>



<p class="wp-block-paragraph">A dins de l&#8217;etiqueta &lt;head> posarem ordres per al navegador, informació que volem que el navegador tingui en compte a l&#8217;hora de visualitzar el nostre document.</p>



<p class="wp-block-paragraph">A dins de l&#8217;etiqueta &lt;body&gt; posarem el contingut que volem que es pugui veure / escoltar.</p>



<p class="wp-block-paragraph">Hem copiat i enganxat el text de l&#8217;exercici del primer dia (sobre les pioneres informàtiques) a dins del body. Ens hem assegurat de guardar els canvis i hem obert l&#8217;arxiu html en un navegdor.</p>



<h2 class="wp-block-heading"><strong>Què passa quan mirem un arxiu html en un navegador?</strong></h2>



<p class="wp-block-paragraph">Quan obrir un document html a un navegador podem visualitzar-lo.</p>



<p class="wp-block-paragraph">El navegador llegeix les etiquetes i les representa visualment:</p>



<ul class="wp-block-list">
<li>Els h1 són més grans que els h2; els h2 són més grans que els h3;&#8230;</li>



<li>Els enllaços els mostra de color blau i subratllats</li>



<li>Els ítems de les llistes tipus ul, comencen amb un puntet negre i estan tabulades cap a dins</li>



<li>La zona del body té el fons blanc</li>



<li>La zona del body té un espai interior, el contingut no va a sang</li>



<li>El text és de color negre i fa servir una tipografia amb serifa que hi hagi instal·lada a l&#8217;ordinador.</li>
</ul>



<p class="wp-block-paragraph">Hem pres nosaltres aquetes decisions? No, ho ha fet el navegador. Nosaltres hem posat la informació, el navegador la representació.</p>



<p class="wp-block-paragraph"></p>



<p class="wp-block-paragraph">Els documents HTML són responsive per naturalesa, és a dir: s&#8217;adapten a la mida de la pantalla sense que es perdi informació. Els paràgrafs es divideixen en diferents línies de forma automàtica, ocupant tota la pantalla d&#8217;esquerra a dret</p>



<p class="wp-block-paragraph">En alguns navegadors veureu caràcters extranys on s&#8217;han de veure accents i altres caràcters no anglesos. No us ha de preocupar, veurem aviat què podem afegir dins de la zona etiquetada como a head per a que es visualitzin correctament. </p>



<p class="wp-block-paragraph"></p>



<p class="wp-block-paragraph"></p>

<p>DIA 2 (17.04.2023) Avui hem fet juntes l&#8217;exercici que vaig proposar per la sessió que no vaig poder fer: passar un disseny a HTML Quan rebem un disseny que ha de passar a HTML, el primer pas és convertir aquest disseny (formes, colors, &#8230;) en un text. Aquest text ha de tenir sentit per ell&hellip; <a class="more-link" href="https://user0.gesem.es/blog/dia-2-html-semantic/">Continueu llegint <span class="screen-reader-text">HTML semàntic II</span></a></p>
